{"id":2,"date":"2015-09-20T18:15:37","date_gmt":"2015-09-20T16:15:37","guid":{"rendered":"http:\/\/byhleguhre.info\/ferienwhg-keym\/?page_id=2"},"modified":"2025-03-31T07:58:18","modified_gmt":"2025-03-31T05:58:18","slug":"beispiel-seite","status":"publish","type":"page","link":"http:\/\/byhleguhre.info\/ferienwhg-keym\/","title":{"rendered":"Willkommen bei"},"content":{"rendered":"<p><strong>Familie Keym<\/strong><\/p>\n<p><span style=\"color: #ff6600;\"><strong>Beide Ferienwohnungen sind langfristig vergeben und bis auf Weiteres nicht buchbar!<\/strong><\/span><\/p>\n<p>Unsere <strong>Spreewald-Ferienwohnungen<\/strong> <strong>Keym<\/strong> befinden sich auf eigenem Grundst\u00fcck in Byhleguhre-Byhlen mit separater Zufahrt. Verkehrstechnisch ist die d\u00f6rfliche Idylle gelegen zwischen dem <strong>Kurort<\/strong> <strong>Burg\/Spreewald<\/strong> und dem Ort Straupitz.<\/p>\n<p>Alte Kastanienb\u00e4ume s\u00e4umen die Dorfstra\u00dfe. Ein Storchennest liegt in luftiger H\u00f6he auf der gegen\u00fcber liegenden Stra\u00dfenseite. Es ist ruhig im Dorf.<\/p>\n<p>In Byhleguhre-Byhlen werden \u00a0Traditionen gepflegt. Sie beginnen im Februar mit dem Zampern, dem Hahnrupfen im August, dem K\u00fcrbisfest im Oktober und der Trachtenkirmis im November, um nur einige zu nennen.<\/p>\n<p>Unsere Freiwillige Feuerwehr\u00a0 feierte im M\u00e4rz 2025 ihr 100 j\u00e4hriges Bestehen.<\/p>\n<p>Wir freuen uns, Sie zu den Festen einladen zu k\u00f6nnen.<\/p>\n\n\n<p><\/p>\n","protected":false},"excerpt":{"rendered":"<p>Familie Keym Beide Ferienwohnungen sind langfristig vergeben und bis auf Weiteres nicht buchbar! Unsere Spreewald-Ferienwohnungen Keym befinden sich auf eigenem Grundst\u00fcck in Byhleguhre-Byhlen mit separater Zufahrt. Verkehrstechnisch ist die d\u00f6rfliche Idylle gelegen zwischen dem Kurort Burg\/Spreewald und dem Ort Straupitz. &hellip; <a href=\"http:\/\/byhleguhre.info\/ferienwhg-keym\/\">Weiterlesen <span class=\"meta-nav\">&rarr;<\/span><\/a><\/p>\n","protected":false},"author":1,"featured_media":0,"parent":0,"menu_order":0,"comment_status":"closed","ping_status":"open","template":"","meta":{"footnotes":""},"class_list":["post-2","page","type-page","status-publish","hentry"],"_links":{"self":[{"href":"http:\/\/byhleguhre.info\/ferienwhg-keym\/wp-json\/wp\/v2\/pages\/2","targetHints":{"allow":["GET"]}}],"collection":[{"href":"http:\/\/byhleguhre.info\/ferienwhg-keym\/wp-json\/wp\/v2\/pages"}],"about":[{"href":"http:\/\/byhleguhre.info\/ferienwhg-keym\/wp-json\/wp\/v2\/types\/page"}],"author":[{"embeddable":true,"href":"http:\/\/byhleguhre.info\/ferienwhg-keym\/wp-json\/wp\/v2\/users\/1"}],"replies":[{"embeddable":true,"href":"http:\/\/byhleguhre.info\/ferienwhg-keym\/wp-json\/wp\/v2\/comments?post=2"}],"version-history":[{"count":24,"href":"http:\/\/byhleguhre.info\/ferienwhg-keym\/wp-json\/wp\/v2\/pages\/2\/revisions"}],"predecessor-version":[{"id":336,"href":"http:\/\/byhleguhre.info\/ferienwhg-keym\/wp-json\/wp\/v2\/pages\/2\/revisions\/336"}],"wp:attachment":[{"href":"http:\/\/byhleguhre.info\/ferienwhg-keym\/wp-json\/wp\/v2\/media?parent=2"}],"curies":[{"name":"wp","href":"https:\/\/api.w.org\/{rel}","templated":true}]}}

<p><strong>Familie Keym</strong></p>
<p><span style="color: #ff6600;"><strong>Beide Ferienwohnungen sind langfristig vergeben und bis auf Weiteres nicht buchbar!</strong></span></p>
<p>Unsere <strong>Spreewald-Ferienwohnungen</strong> <strong>Keym</strong> befinden sich auf eigenem Grundstück in Byhleguhre-Byhlen mit separater Zufahrt. Verkehrstechnisch ist die dörfliche Idylle gelegen zwischen dem <strong>Kurort</strong> <strong>Burg/Spreewald</strong> und dem Ort Straupitz.</p>
<p>Alte Kastanienbäume säumen die Dorfstraße. Ein Storchennest liegt in luftiger Höhe auf der gegenüber liegenden Straßenseite. Es ist ruhig im Dorf.</p>
<p>In Byhleguhre-Byhlen werden  Traditionen gepflegt. Sie beginnen im Februar mit dem Zampern, dem Hahnrupfen im August, dem Kürbisfest im Oktober und der Trachtenkirmis im November, um nur einige zu nennen.</p>
<p>Unsere Freiwillige Feuerwehr  feierte im März 2025 ihr 100 jähriges Bestehen.</p>
<p>Wir freuen uns, Sie zu den Festen einladen zu können.</p>


<p></p>

<p>Familie Keym Beide Ferienwohnungen sind langfristig vergeben und bis auf Weiteres nicht buchbar! Unsere Spreewald-Ferienwohnungen Keym befinden sich auf eigenem Grundstück in Byhleguhre-Byhlen mit separater Zufahrt. Verkehrstechnisch ist die dörfliche Idylle gelegen zwischen dem Kurort Burg/Spreewald und dem Ort Straupitz. &hellip; <a href="http://byhleguhre.info/ferienwhg-keym/">Weiterlesen <span class="meta-nav">&rarr;</span></a></p>
