{"id":10,"date":"2015-09-20T19:22:40","date_gmt":"2015-09-20T17:22:40","guid":{"rendered":"http:\/\/byhleguhre.info\/ferienwhg-keym\/?page_id=10"},"modified":"2024-01-31T18:42:11","modified_gmt":"2024-01-31T17:42:11","slug":"bilder","status":"publish","type":"page","link":"http:\/\/byhleguhre.info\/ferienwhg-keym\/bilder\/","title":{"rendered":"Ausstattung und Bilder"},"content":{"rendered":"<p style=\"text-align: left;\">In unserer <strong>Spreewald-Ferienwohnung<\/strong> <strong>Keym<\/strong> stehen <strong>2<\/strong> <strong>Apartments<\/strong> zur Verf\u00fcgung<\/p>\n<p style=\"text-align: left;\"><strong><em>Apartment\u00a0 1<\/em><br \/>\n<\/strong><\/p>\n<p style=\"text-align: left;\">Personen: 2<br \/>\nGr\u00f6\u00dfe: 24 m\u00b2<br \/>\nPreis pro \u00dcbernachtung: 45 EURO<br \/>\nEndreinigung: inclusive<\/p>\n<p>Ausstattung\/Gr\u00f6\u00dfe:<br \/>\n<strong>Wohn<\/strong>\/<strong>Schlafzimmer<\/strong> 18 m\u00b2<br \/>\n<strong>Bad<\/strong>: 6 m\u00b2<br \/>\n<strong>Internet :<\/strong> freie Wlan Benutzung<\/p>\n<p style=\"text-align: center;\">1 Doppelbett(180 x 200), 1 ausziehbarer Esstisch mit 2 St\u00fchlen, eine komplett eingerichtete K\u00fccheneinrichtung\/Geschirr mikrowellen geeignet, 40 &#8220; TV, Fu\u00dfbodenheizung<\/p>\n<p style=\"text-align: center;\">barriere frei,<\/p>\n<p style=\"text-align: center;\">Dusche mit einklappbaren T\u00fcren, Waschbecken, WC, Handt\u00fccher, Badet\u00fccher, F\u00f6hn \u00a0 \u00a0 <a href=\"http:\/\/byhleguhre.info\/ferienwhg-keym\/wp-content\/uploads\/2015\/09\/Einbauk\u00fcche.jpg\"><img loading=\"lazy\" decoding=\"async\" class=\"alignnone size-thumbnail wp-image-311\" src=\"http:\/\/byhleguhre.info\/ferienwhg-keym\/wp-content\/uploads\/2015\/09\/Einbauk\u00fcche-150x150.jpg\" alt=\"Einbauk\u00fcche\" width=\"150\" height=\"150\" \/><\/a> <a href=\"http:\/\/byhleguhre.info\/ferienwhg-keym\/wp-content\/uploads\/2015\/09\/Geburtstagesfeier-Sarah-2015-019.jpg\"><img loading=\"lazy\" decoding=\"async\" class=\"alignleft wp-image-312 size-thumbnail\" src=\"http:\/\/byhleguhre.info\/ferienwhg-keym\/wp-content\/uploads\/2015\/09\/Geburtstagesfeier-Sarah-2015-019-150x150.jpg\" alt=\"Geburtstagesfeier Sarah 2015 019\" width=\"150\" height=\"150\" \/><\/a> <a href=\"http:\/\/byhleguhre.info\/ferienwhg-keym\/wp-content\/uploads\/2015\/09\/20160620_090136.jpg\"><img loading=\"lazy\" decoding=\"async\" class=\"alignright wp-image-313 size-thumbnail\" src=\"http:\/\/byhleguhre.info\/ferienwhg-keym\/wp-content\/uploads\/2015\/09\/20160620_090136-e1580127558465-150x150.jpg\" alt=\"20160620_090136\" width=\"150\" height=\"150\" \/><\/a><\/p>\n<p style=\"text-align: left;\"><em><strong>Apartment\u00a0 2<\/strong><\/em><\/p>\n<p style=\"text-align: left;\">Personen: 2<br \/>\nGr\u00f6\u00dfe: 45 m\u00b2<br \/>\nPreis pro \u00dcbernachtung: 60 EURO<br \/>\nEndreinigung: inclusive<\/p>\n<p>Ausstattung\/Gr\u00f6\u00dfe:<br \/>\n<strong>Wohn<\/strong><strong>zimmer\/K\u00fcche<\/strong> 24\u00a0m\u00b2 \u00a0 \u00a0 \u00a0 \u00a0 \u00a0 \u00a0 \u00a0 \u00a0 \u00a0 \u00a0 \u00a0 \u00a0 \u00a0\u00a0<a href=\"http:\/\/byhleguhre.info\/ferienwhg-keym\/wp-content\/uploads\/2015\/09\/IMG-20190809-WA0021.jpg\"><img loading=\"lazy\" decoding=\"async\" class=\"alignnone size-thumbnail wp-image-303\" src=\"http:\/\/byhleguhre.info\/ferienwhg-keym\/wp-content\/uploads\/2015\/09\/IMG-20190809-WA0021-150x150.jpg\" alt=\"IMG-20190809-WA0021\" width=\"150\" height=\"150\" \/><\/a><\/p>\n<p><strong>Schlafzimmer<\/strong> 21 m 2 \u00a0 \u00a0 \u00a0 \u00a0 \u00a0 \u00a0 \u00a0 \u00a0 \u00a0 \u00a0 \u00a0 \u00a0 \u00a0 \u00a0 \u00a0 \u00a0 \u00a0 \u00a0 \u00a0 \u00a0\u00a0<a href=\"http:\/\/byhleguhre.info\/ferienwhg-keym\/wp-content\/uploads\/2015\/09\/20160620_090149-e1580041144600.jpg\"><img loading=\"lazy\" decoding=\"async\" class=\"alignnone size-thumbnail wp-image-302\" src=\"http:\/\/byhleguhre.info\/ferienwhg-keym\/wp-content\/uploads\/2015\/09\/20160620_090149-e1580041144600-150x150.jpg\" alt=\"20160620_090149\" width=\"150\" height=\"150\" \/><\/a><\/p>\n<p><strong>Bad<\/strong>: 9\u00a0m\u00b2 \u00a0 \u00a0 \u00a0 \u00a0 \u00a0 \u00a0 \u00a0 \u00a0 \u00a0 \u00a0 \u00a0 \u00a0 \u00a0 \u00a0 \u00a0 \u00a0 \u00a0 \u00a0 \u00a0 \u00a0 \u00a0 \u00a0 \u00a0 \u00a0 \u00a0 \u00a0 \u00a0 \u00a0 \u00a0 \u00a0 \u00a0 \u00a0<a href=\"http:\/\/byhleguhre.info\/ferienwhg-keym\/wp-content\/uploads\/2015\/09\/20180509_180132.jpg\"><img loading=\"lazy\" decoding=\"async\" class=\"size-thumbnail wp-image-295 alignleft\" src=\"http:\/\/byhleguhre.info\/ferienwhg-keym\/wp-content\/uploads\/2015\/09\/20180509_180132-150x150.jpg\" alt=\"20180509_180132\" width=\"150\" height=\"150\" \/><\/a><a href=\"http:\/\/byhleguhre.info\/ferienwhg-keym\/wp-content\/uploads\/2015\/09\/20180508_133758.jpg\"><img loading=\"lazy\" decoding=\"async\" class=\"size-thumbnail wp-image-293 alignleft\" src=\"http:\/\/byhleguhre.info\/ferienwhg-keym\/wp-content\/uploads\/2015\/09\/20180508_133758-150x150.jpg\" alt=\"20180508_133758\" width=\"150\" height=\"150\" \/><\/a><\/p>\n<p><a href=\"http:\/\/byhleguhre.info\/ferienwhg-keym\/wp-content\/uploads\/2015\/09\/20180508_133538-1-e1526550227543.jpg\"><img loading=\"lazy\" decoding=\"async\" class=\"size-thumbnail wp-image-288 alignleft\" src=\"http:\/\/byhleguhre.info\/ferienwhg-keym\/wp-content\/uploads\/2015\/09\/20180508_133538-1-e1526550227543-150x150.jpg\" alt=\"20180508_133538\" width=\"150\" height=\"150\" \/><\/a><\/p>\n<p><strong>\u00a0 \u00a0 \u00a0 \u00a0 \u00a0 \u00a0 \u00a0 \u00a0 \u00a0 \u00a0 \u00a0 \u00a0 \u00a0 \u00a0 \u00a0 \u00a0 \u00a0 \u00a0 \u00a0 \u00a0 \u00a0 \u00a0 \u00a0 \u00a0 \u00a0 \u00a0 \u00a0 \u00a0 \u00a0 \u00a0 \u00a0 \u00a0 \u00a0 \u00a0 \u00a0 \u00a0 \u00a0 \u00a0 \u00a0 \u00a0 \u00a0 \u00a0 \u00a0 \u00a0 \u00a0 \u00a0 \u00a0 \u00a0 \u00a0 \u00a0 \u00a0 \u00a0 \u00a0 \u00a0 \u00a0 \u00a0 \u00a0 \u00a0 \u00a0 \u00a0 \u00a0 \u00a0 \u00a0 \u00a0 \u00a0 \u00a0 \u00a0 \u00a0 \u00a0 \u00a0 \u00a0 \u00a0 \u00a0 \u00a0 \u00a0 \u00a0 \u00a0 \u00a0 \u00a0 \u00a0 \u00a0 \u00a0 \u00a0 \u00a0 \u00a0 \u00a0 \u00a0 \u00a0 \u00a0 \u00a0 \u00a0 \u00a0 \u00a0 \u00a0 \u00a0 \u00a0 \u00a0 \u00a0 \u00a0 \u00a0 \u00a0 \u00a0 \u00a0\u00a0 <\/strong><\/p>\n<p><strong>Internet :<\/strong> freie W lan Benutzung<\/p>\n<p>1 Doppelbett(180 x 200),Schlafcouch im Wohnzimmer + Couchtisch<\/p>\n<p>1 ausziehbarer Esstisch mit 2 St\u00fchlen, eine komplett eingerichtete K\u00fccheneinrichtung\/Geschirr mikrowellengeeignet, 40 &#8220; TV, Fu\u00dfbodenheizung<\/p>\n<p>barriere frei, Dusche mit einklappbaren T\u00fcren, Waschbecken, WC, Handt\u00fccher, Badet\u00fccher, F\u00f6hn<\/p>\n<p style=\"text-align: left;\">[flagallery gid=1 align=center]<\/p>\n<p style=\"text-align: left;\"><a href=\"http:\/\/byhleguhre.info\/ferienwhg-keym\/wp-content\/uploads\/2015\/09\/20180509_180258.jpg\"><img loading=\"lazy\" decoding=\"async\" class=\"alignnone size-thumbnail wp-image-296\" src=\"http:\/\/byhleguhre.info\/ferienwhg-keym\/wp-content\/uploads\/2015\/09\/20180509_180258-150x150.jpg\" alt=\"20180509_180258\" width=\"150\" height=\"150\" \/><\/a><\/p>\n<p style=\"text-align: left;\"><a href=\"http:\/\/byhleguhre.info\/ferienwhg-keym\/wp-content\/uploads\/2015\/09\/20180503_151309-1.jpg\"><img loading=\"lazy\" decoding=\"async\" class=\"alignnone size-thumbnail wp-image-287\" src=\"http:\/\/byhleguhre.info\/ferienwhg-keym\/wp-content\/uploads\/2015\/09\/20180503_151309-1-150x150.jpg\" alt=\"20180503_151309\" width=\"150\" height=\"150\" \/><\/a><a href=\"http:\/\/byhleguhre.info\/ferienwhg-keym\/wp-content\/uploads\/2015\/09\/20180503_145847-e1526550569417.jpg\"><img loading=\"lazy\" decoding=\"async\" class=\"alignnone size-thumbnail wp-image-285\" src=\"http:\/\/byhleguhre.info\/ferienwhg-keym\/wp-content\/uploads\/2015\/09\/20180503_145847-150x150.jpg\" alt=\"20180503_145847\" width=\"150\" height=\"150\" \/><\/a><a href=\"http:\/\/byhleguhre.info\/ferienwhg-keym\/wp-content\/uploads\/2015\/09\/20180503_145428_001-2.jpg\"><img loading=\"lazy\" decoding=\"async\" class=\"alignnone size-thumbnail wp-image-281\" src=\"http:\/\/byhleguhre.info\/ferienwhg-keym\/wp-content\/uploads\/2015\/09\/20180503_145428_001-2-150x150.jpg\" alt=\"20180503_145428_001\" width=\"150\" height=\"150\" \/><\/a><\/p>\n","protected":false},"excerpt":{"rendered":"<p>In unserer Spreewald-Ferienwohnung Keym stehen 2 Apartments zur Verf\u00fcgung Apartment\u00a0 1 Personen: 2 Gr\u00f6\u00dfe: 24 m\u00b2 Preis pro \u00dcbernachtung: 45 EURO Endreinigung: inclusive Ausstattung\/Gr\u00f6\u00dfe: Wohn\/Schlafzimmer 18 m\u00b2 Bad: 6 m\u00b2 Internet : freie Wlan Benutzung 1 Doppelbett(180 x 200), 1 &hellip; <a href=\"http:\/\/byhleguhre.info\/ferienwhg-keym\/bilder\/\">Weiterlesen <span class=\"meta-nav\">&rarr;<\/span><\/a><\/p>\n","protected":false},"author":1,"featured_media":0,"parent":0,"menu_order":0,"comment_status":"closed","ping_status":"closed","template":"","meta":{"footnotes":""},"class_list":["post-10","page","type-page","status-publish","hentry"],"_links":{"self":[{"href":"http:\/\/byhleguhre.info\/ferienwhg-keym\/wp-json\/wp\/v2\/pages\/10","targetHints":{"allow":["GET"]}}],"collection":[{"href":"http:\/\/byhleguhre.info\/ferienwhg-keym\/wp-json\/wp\/v2\/pages"}],"about":[{"href":"http:\/\/byhleguhre.info\/ferienwhg-keym\/wp-json\/wp\/v2\/types\/page"}],"author":[{"embeddable":true,"href":"http:\/\/byhleguhre.info\/ferienwhg-keym\/wp-json\/wp\/v2\/users\/1"}],"replies":[{"embeddable":true,"href":"http:\/\/byhleguhre.info\/ferienwhg-keym\/wp-json\/wp\/v2\/comments?post=10"}],"version-history":[{"count":32,"href":"http:\/\/byhleguhre.info\/ferienwhg-keym\/wp-json\/wp\/v2\/pages\/10\/revisions"}],"predecessor-version":[{"id":332,"href":"http:\/\/byhleguhre.info\/ferienwhg-keym\/wp-json\/wp\/v2\/pages\/10\/revisions\/332"}],"wp:attachment":[{"href":"http:\/\/byhleguhre.info\/ferienwhg-keym\/wp-json\/wp\/v2\/media?parent=10"}],"curies":[{"name":"wp","href":"https:\/\/api.w.org\/{rel}","templated":true}]}}

<p style="text-align: left;">In unserer <strong>Spreewald-Ferienwohnung</strong> <strong>Keym</strong> stehen <strong>2</strong> <strong>Apartments</strong> zur Verfügung</p>
<p style="text-align: left;"><strong><em>Apartment  1</em><br />
</strong></p>
<p style="text-align: left;">Personen: 2<br />
Größe: 24 m²<br />
Preis pro Übernachtung: 45 EURO<br />
Endreinigung: inclusive</p>
<p>Ausstattung/Größe:<br />
<strong>Wohn</strong>/<strong>Schlafzimmer</strong> 18 m²<br />
<strong>Bad</strong>: 6 m²<br />
<strong>Internet :</strong> freie Wlan Benutzung</p>
<p style="text-align: center;">1 Doppelbett(180 x 200), 1 ausziehbarer Esstisch mit 2 Stühlen, eine komplett eingerichtete Kücheneinrichtung/Geschirr mikrowellen geeignet, 40 &#8220; TV, Fußbodenheizung</p>
<p style="text-align: center;">barriere frei,</p>
<p style="text-align: center;">Dusche mit einklappbaren Türen, Waschbecken, WC, Handtücher, Badetücher, Föhn     <a href="http://byhleguhre.info/ferienwhg-keym/wp-content/uploads/2015/09/Einbauküche.jpg"><img loading="lazy" decoding="async" class="alignnone size-thumbnail wp-image-311" src="http://byhleguhre.info/ferienwhg-keym/wp-content/uploads/2015/09/Einbauküche-150x150.jpg" alt="Einbauküche" width="150" height="150" /></a> <a href="http://byhleguhre.info/ferienwhg-keym/wp-content/uploads/2015/09/Geburtstagesfeier-Sarah-2015-019.jpg"><img loading="lazy" decoding="async" class="alignleft wp-image-312 size-thumbnail" src="http://byhleguhre.info/ferienwhg-keym/wp-content/uploads/2015/09/Geburtstagesfeier-Sarah-2015-019-150x150.jpg" alt="Geburtstagesfeier Sarah 2015 019" width="150" height="150" /></a> <a href="http://byhleguhre.info/ferienwhg-keym/wp-content/uploads/2015/09/20160620_090136.jpg"><img loading="lazy" decoding="async" class="alignright wp-image-313 size-thumbnail" src="http://byhleguhre.info/ferienwhg-keym/wp-content/uploads/2015/09/20160620_090136-e1580127558465-150x150.jpg" alt="20160620_090136" width="150" height="150" /></a></p>
<p style="text-align: left;"><em><strong>Apartment  2</strong></em></p>
<p style="text-align: left;">Personen: 2<br />
Größe: 45 m²<br />
Preis pro Übernachtung: 60 EURO<br />
Endreinigung: inclusive</p>
<p>Ausstattung/Größe:<br />
<strong>Wohn</strong><strong>zimmer/Küche</strong> 24 m²                           <a href="http://byhleguhre.info/ferienwhg-keym/wp-content/uploads/2015/09/IMG-20190809-WA0021.jpg"><img loading="lazy" decoding="async" class="alignnone size-thumbnail wp-image-303" src="http://byhleguhre.info/ferienwhg-keym/wp-content/uploads/2015/09/IMG-20190809-WA0021-150x150.jpg" alt="IMG-20190809-WA0021" width="150" height="150" /></a></p>
<p><strong>Schlafzimmer</strong> 21 m 2                                         <a href="http://byhleguhre.info/ferienwhg-keym/wp-content/uploads/2015/09/20160620_090149-e1580041144600.jpg"><img loading="lazy" decoding="async" class="alignnone size-thumbnail wp-image-302" src="http://byhleguhre.info/ferienwhg-keym/wp-content/uploads/2015/09/20160620_090149-e1580041144600-150x150.jpg" alt="20160620_090149" width="150" height="150" /></a></p>
<p><strong>Bad</strong>: 9 m²                                                                <a href="http://byhleguhre.info/ferienwhg-keym/wp-content/uploads/2015/09/20180509_180132.jpg"><img loading="lazy" decoding="async" class="size-thumbnail wp-image-295 alignleft" src="http://byhleguhre.info/ferienwhg-keym/wp-content/uploads/2015/09/20180509_180132-150x150.jpg" alt="20180509_180132" width="150" height="150" /></a><a href="http://byhleguhre.info/ferienwhg-keym/wp-content/uploads/2015/09/20180508_133758.jpg"><img loading="lazy" decoding="async" class="size-thumbnail wp-image-293 alignleft" src="http://byhleguhre.info/ferienwhg-keym/wp-content/uploads/2015/09/20180508_133758-150x150.jpg" alt="20180508_133758" width="150" height="150" /></a></p>
<p><a href="http://byhleguhre.info/ferienwhg-keym/wp-content/uploads/2015/09/20180508_133538-1-e1526550227543.jpg"><img loading="lazy" decoding="async" class="size-thumbnail wp-image-288 alignleft" src="http://byhleguhre.info/ferienwhg-keym/wp-content/uploads/2015/09/20180508_133538-1-e1526550227543-150x150.jpg" alt="20180508_133538" width="150" height="150" /></a></p>
<p><strong>                                                                                                                                                                                                               </strong></p>
<p><strong>Internet :</strong> freie W lan Benutzung</p>
<p>1 Doppelbett(180 x 200),Schlafcouch im Wohnzimmer + Couchtisch</p>
<p>1 ausziehbarer Esstisch mit 2 Stühlen, eine komplett eingerichtete Kücheneinrichtung/Geschirr mikrowellengeeignet, 40 &#8220; TV, Fußbodenheizung</p>
<p>barriere frei, Dusche mit einklappbaren Türen, Waschbecken, WC, Handtücher, Badetücher, Föhn</p>
<p style="text-align: left;">[flagallery gid=1 align=center]</p>
<p style="text-align: left;"><a href="http://byhleguhre.info/ferienwhg-keym/wp-content/uploads/2015/09/20180509_180258.jpg"><img loading="lazy" decoding="async" class="alignnone size-thumbnail wp-image-296" src="http://byhleguhre.info/ferienwhg-keym/wp-content/uploads/2015/09/20180509_180258-150x150.jpg" alt="20180509_180258" width="150" height="150" /></a></p>
<p style="text-align: left;"><a href="http://byhleguhre.info/ferienwhg-keym/wp-content/uploads/2015/09/20180503_151309-1.jpg"><img loading="lazy" decoding="async" class="alignnone size-thumbnail wp-image-287" src="http://byhleguhre.info/ferienwhg-keym/wp-content/uploads/2015/09/20180503_151309-1-150x150.jpg" alt="20180503_151309" width="150" height="150" /></a><a href="http://byhleguhre.info/ferienwhg-keym/wp-content/uploads/2015/09/20180503_145847-e1526550569417.jpg"><img loading="lazy" decoding="async" class="alignnone size-thumbnail wp-image-285" src="http://byhleguhre.info/ferienwhg-keym/wp-content/uploads/2015/09/20180503_145847-150x150.jpg" alt="20180503_145847" width="150" height="150" /></a><a href="http://byhleguhre.info/ferienwhg-keym/wp-content/uploads/2015/09/20180503_145428_001-2.jpg"><img loading="lazy" decoding="async" class="alignnone size-thumbnail wp-image-281" src="http://byhleguhre.info/ferienwhg-keym/wp-content/uploads/2015/09/20180503_145428_001-2-150x150.jpg" alt="20180503_145428_001" width="150" height="150" /></a></p>

<p>In unserer Spreewald-Ferienwohnung Keym stehen 2 Apartments zur Verfügung Apartment  1 Personen: 2 Größe: 24 m² Preis pro Übernachtung: 45 EURO Endreinigung: inclusive Ausstattung/Größe: Wohn/Schlafzimmer 18 m² Bad: 6 m² Internet : freie Wlan Benutzung 1 Doppelbett(180 x 200), 1 &hellip; <a href="http://byhleguhre.info/ferienwhg-keym/bilder/">Weiterlesen <span class="meta-nav">&rarr;</span></a></p>
